{"id":492,"date":"2016-10-17T13:54:18","date_gmt":"2016-10-17T13:54:18","guid":{"rendered":"http:\/\/ksroom.at\/info\/?page_id=492"},"modified":"2024-05-29T13:01:11","modified_gmt":"2024-05-29T13:01:11","slug":"sofia-goscinski-rudolf-polanszky-toni-schmale","status":"publish","type":"page","link":"http:\/\/ksroom.at\/info\/archiv\/2016-2\/sofia-goscinski-rudolf-polanszky-toni-schmale\/","title":{"rendered":"Sofia Goscinski, Rudolf Polanszky, Toni Schmale"},"content":{"rendered":"<p>F\u00fcr eine Ausstellung in der Steiermark werden drei k\u00fcnstlerische Positionen in ihrer Gegens\u00e4tzlichkeit zueinander gezeigt. Alle drei weisen von der Norm abweichende bildhauerische Qualit\u00e4ten auf, indem sie sich von jeder banal formalistischen Praxis trennen. Ungeachtet der individualistischen Ans\u00e4tze durchzieht deren Gegen\u00fcberstellung eine komplement\u00e4re Logik. Ins Monumentale gesteigerte fotografische Arbeiten \u00fcber skulpturalen Rauminhalt und Wahrnehmungsraum begegnen k\u00f6rperlichen Affekten, die sich in zwei sehr spezifischen skulpturalen Praktiken wiederfinden. (Auszug aus einem Text zur Ausstellung von <em>Max Henry<\/em>)<\/p>\n<p><strong>Er\u00f6ffnung: 15. Oktober 2016, 16 &#8211; 21 Uhr<\/strong><br \/>\n<strong>Ausstellungsdauer: 16.10. &#8211; 20.11.2016<\/strong><\/p>\n","protected":false},"excerpt":{"rendered":"<p>F\u00fcr eine Ausstellung in der Steiermark werden drei k\u00fcnstlerische Positionen in ihrer Gegens\u00e4tzlichkeit zueinander gezeigt. Alle drei weisen von der Norm abweichende bildhauerische Qualit\u00e4ten auf, indem sie sich von jeder banal formalistischen Praxis trennen. Ungeachtet der individualistischen Ans\u00e4tze durchzieht deren Gegen\u00fcberstellung eine komplement\u00e4re Logik. Ins Monumentale gesteigerte fotografische Arbeiten \u00fcber skulpturalen Rauminhalt und Wahrnehmungsraum begegnen [&hellip;]<\/p>\n","protected":false},"author":1,"featured_media":0,"parent":392,"menu_order":0,"comment_status":"closed","ping_status":"closed","template":"","meta":{"jetpack_post_was_ever_published":false,"footnotes":""},"class_list":["post-492","page","type-page","status-publish","hentry"],"jetpack_sharing_enabled":true,"jetpack_shortlink":"https:\/\/wp.me\/P7jCLD-7W","jetpack-related-posts":[],"jetpack_likes_enabled":true,"_links":{"self":[{"href":"http:\/\/ksroom.at\/info\/wp-json\/wp\/v2\/pages\/492"}],"collection":[{"href":"http:\/\/ksroom.at\/info\/wp-json\/wp\/v2\/pages"}],"about":[{"href":"http:\/\/ksroom.at\/info\/wp-json\/wp\/v2\/types\/page"}],"author":[{"embeddable":true,"href":"http:\/\/ksroom.at\/info\/wp-json\/wp\/v2\/users\/1"}],"replies":[{"embeddable":true,"href":"http:\/\/ksroom.at\/info\/wp-json\/wp\/v2\/comments?post=492"}],"version-history":[{"count":9,"href":"http:\/\/ksroom.at\/info\/wp-json\/wp\/v2\/pages\/492\/revisions"}],"predecessor-version":[{"id":1224,"href":"http:\/\/ksroom.at\/info\/wp-json\/wp\/v2\/pages\/492\/revisions\/1224"}],"up":[{"embeddable":true,"href":"http:\/\/ksroom.at\/info\/wp-json\/wp\/v2\/pages\/392"}],"wp:attachment":[{"href":"http:\/\/ksroom.at\/info\/wp-json\/wp\/v2\/media?parent=492"}],"curies":[{"name":"wp","href":"https:\/\/api.w.org\/{rel}","templated":true}]}}